hest common factor of s and 12.
12
Let p be ((-8)/(-12))/(((-12)/1737)/2). Let d = -4 - p. Calculate the highest common divisor of d and 27.
27
Let k be (0 + -9)/(-3 + 4). Let f = 114 + k. What is the highest common factor of 42 and f?
21
Let w be (1 - (-3 + -1)) + 80. Calculate the greatest common factor of w and 17.
17
Let c(x) = -27*x - 762. Let h be c(-30). Calculate the highest common divisor of h and 376.
8
Suppose -r + 10 = 2*i, -4*i = 4*r - 55 + 23. What is the greatest common factor of 192 and r?
6
Let z(w) = 19*w - 481. Let s be z(29). What is the greatest common factor of s and 112?
14
Let c be (15/(-4))/((-2)/16). Suppose y = 79 + 161. Calculate the greatest common factor of c and y.
30
Suppose -4*a + 4*b = -56, -9*a + 5*b = -10*a + 20. Calculate the highest common divisor of 150 and a.
15
Suppose -5*s - 5*i = 30, -9*i + 6*i = 6. Let g be 5 - ((1 - s) + -3). What is the highest common factor of g and 3?
3
Let p = 108 - 8. Let i be 15/(((-3)/(-2))/(5 - 3)). Calculate the greatest common factor of p and i.
20
Suppose 0 = 5*j + 6*h - 3*h + 307, -3*j - 4*h - 193 = 0. Let f = 60 + j. What is the highest common factor of f and 17?
1
Let f(t) = 17*t - 60. Let b be f(4). What is the greatest common divisor of b and 96?
8
Suppose -2*t = -t - 21. Let z = 636 + -552. What is the greatest common factor of t and z?
21
Let n = -131 + 133. Suppose x - 15 = -n*d, -x - 2*x - 15 = 0. Calculate the greatest common divisor of 40 and d.
10
Suppose 3*o + 6 = 0, 8*i + 2*o - 230 = 6*i. What is the greatest common divisor of 26 and i?
13
Let k(c) = c**2 + 3*c - 8. Suppose -3*p - p + 4*f + 20 = 0, 5*p = 4*f + 28. Let b be k(p). What is the highest common divisor of 60 and b?
20
Let q be (-7973)/(-204) + 3/(-36). What is the greatest common factor of q and 52?
13
Suppose -6*j + 318 = -3*j. Let r be j*(-2)/(-12) + 6/(-9). Let b = -148 - -216. What is the highest common factor of b and r?
17
Suppose 20 = 5*p - 6*k + 7*k, p - 4 = 3*k. Suppose 0 = p*m - 34 - 50. What is the greatest common factor of m and 21?
21
Let m(o) = -32*o**3 + o**2 + o. Let w be m(-1). Let r = w - 12. What is the highest common factor of 20 and r?
20
Suppose -150 = -4*j + 30. What is the greatest common divisor of 27 and j?
9
Let z be (6 - 636/(-24))*(1 - -1). Calculate the greatest common divisor of z and 1040.
65
Suppose -123*w = -134*w + 33. What is the highest common factor of 11 and w?
1
Suppose -41*a + 31*a = -40. What is the highest common factor of a and 284?
4
Let m(l) = -298*l - 1. Let f be m(-1). Let w(d) = d**2 + 103*d + 2529. Let h be w(-39). Calculate the greatest common divisor of h and f.
33
Suppose -3*s = -3*h + 153, 3*s + 71 - 26 = h. Suppose 5*c = -0*i - 4*i + 52, 0 = -4*c + 3*i + h. What is the highest common divisor of 24 and c?
12
Let r(n) = -n**3 + 11*n + 5. Let z be r(-4). What is the highest common factor of 275 and z?
25
Suppose -n - 4*k + 17 = 3, k + 64 = 2*n. Suppose n = -2*f + 4*f. What is the highest common divisor of f and 15?
15
Suppose 12*b + 256 = 1084. What is the highest common factor of 3 and b?
3
Suppose 8 = j - 34. Let w(f) = f**3 + 7*f**2 - f + 7. Let q be w(-7). What is the highest common factor of j and q?
14
Suppose 2*n + 3*n + 210 = 0. Let l be (28/n)/((-4)/42). Let a be (-6)/21 + 100/l. Calculate the highest common divisor of a and 7.
7
Let k be 8/(-2) - (-11 - -2 - 125). What is the highest common factor of 156 and k?
26
Let v be (-2 + -3)*(-2 - -1). Let d(u) = u**3 - 3*u**2 - 6*u - 3. Let a be d(v). Let h = -13316 + 13503. What is the greatest common factor of a and h?
17
Let z(o) = -o**2 - 4*o + 24. Let v be z(2). What is the highest common factor of v and 300?
12
Suppose 8 = -4*b, -2*s + 98 - 28 = -3*b. Calculate the greatest common divisor of s and 1.
1
Let h be (-2)/(-1) - (0 + 1). Let t = -514 - -518. What is the highest common factor of t and h?
1
Let t = -114 + 94. Let a(u) = -4*u - 63. Let q be a(t). Calculate the highest common factor of 51 and q.
17
Suppose 25 = 5*l + 5*j, -3*l + j + 10 = -1. Calculate the greatest common divisor of 2 and l.
2
Let l be (-2)/(30/25)*-15. Calculate the greatest common divisor of 50 and l.
25
Suppose 4*m - 160 = 4*h, -h + 3*m - 8 = 24. Let b = -22 - h. Let c be (4/(-8))/(1/(-176)). What is the highest common factor of c and b?
22
Let y(l) = -l**3 - 7*l**2 - 3*l + 1. Suppose 2*i + 8 = -4. Let q be y(i). Let b = -1 - q. Calculate the highest common divisor of b and 144.
16
Let i = -26 - -38. Suppose -i*o + 14*o = -2. Let j(r) = -16*r**3 - r**2 + r + 1. Let c be j(o). What is the highest common factor of c and 45?
15
Let s(t) = 5*t. Let k be s(6). Suppose 6*w = 9*w - k. Calculate the highest common divisor of 30 and w.
10
Let d be (-8136)/(-16) - 5/(-2). What is the highest common factor of 7 and d?
7
Let f(i) = -2*i - 7. Let s be f(-2). Let j be 6/((-9)/2*1/s). What is the greatest common divisor of 36 and j?
4
Suppose -71*p + 168 = -65*p. Calculate the highest common divisor of p and 476.
28
Let t = 39 - 23. Let x = 11 - t. Let l be (-10)/(-5)*x/(-2). Calculate the highest common factor of 45 and l.
5
Suppose y + 2*k - 43 = 6*k, -43 = -y - 4*k. What is the highest common divisor of y and 817?
43
Let c(k) = -99*k - 180. Let s be c(-5). What is the highest common factor of s and 1008?
63
Let q(k) = -k**3 - 5*k**2 + 4*k - 5. Let y be q(-6). Let g(u) = -6*u - 2 + 0 - y*u - 3*u. Let j be g(-4). Calculate the greatest common factor of j and 31.
31
Let c = -2169 - -2177. Calculate the highest common factor of c and 2344.
8
Let a(w) = -w**2 - 41*w - 32. Let z be a(-40). Let k(b) = 103*b**2 - 2*b - 1. Let f be k(-1). What is the highest common divisor of f and z?
8
Let r(g) = -g**3 - 16*g**2 - 19*g + 31. Let i be r(-15). Let h be i/13 + (0 - -1). What is the highest common factor of h and 16?
8
Suppose 4*k + k = 20. Let b be -8*(-4 - 6/k). Let n = b - 16. What is the greatest common factor of n and 7?
7
Let t(j) = -203*j + 1. Let u be t(-1). Let p(n) = 241*n + 998. Let w be p(-4). What is the greatest common divisor of u and w?
34
Let t(d) = d**3 + 15*d**2 - 12*d + 3. Let b be t(-12). Suppose g = x - 5*x + b, -2*g = -x + 138. Calculate the greatest common factor of x and 18.
18
Suppose 11 = 3*c - s, -2*c + s + 6 = -2. Suppose -4*o + 2*o + 48 = 0. Calculate the greatest common factor of o and c.
3
Suppose 6*k = 50*k - 57728. Calculate the greatest common divisor of 82 and k.
82
Suppose s = -5*a + 115, -5*s = -29 + 4. Suppose -a = -8*x - 3*x. Calculate the highest common factor of 6 and x.
2
Let h(a) = a**3 - 5*a**2 + 5*a - 4. Let t be h(4). Let c = 5 - t. Calculate the highest common factor of 5 and c.
5
Let p(k) = k + 10. Let u be p(-7). Let t(o) = o + 2. Let b be t(-4). Let f be (36/b)/(-5 - -3). Calculate the greatest common factor of f and u.
3
Suppose w = -4*b - 4*w - 110, 0 = -5*b + 4*w - 158. Let g be 4 - b/(-4)*-2. What is the greatest common divisor of g and 19?
19
Let q(i) = -i**2 + 12*i + 2. Let r be q(11). Suppose -3*y + 5 = -10. Let g be 1*143*(y - 4). What is the highest common divisor of r and g?
13
Suppose 27*t = 23*t. Suppose -20*r + 25*r - 810 = t. What is the greatest common divisor of r and 18?
18
Let g be 80/(-28)*(-1400)/16. What is the highest common factor of g and 5?
5
Let a(v) = v**2 - 25*v - 47. Suppose -55 = -9*g + 188. Let b be a(g). Calculate the greatest common factor of 35 and b.
7
Suppose -2*y + 7*y - 15 = 0. Suppose 432 = -0*q + y*q. Calculate the highest common factor of 16 and q.
16
Let r be 5265/143 + -10 + (-4)/(-22). What is the greatest common factor of r and 189?
27
Let d(g) = 4*g + 3 + 0 + 1 + 13*g. Let f be d(-2). Let n = -16 - f. Calculate the highest common factor of n and 112.
14
Let h be ((-90)/(-2 + 11))/((-4)/(-30)). Let z = -69 - h. Calculate the highest common factor of 24 and z.
6
Suppose -l = 5*i + 20 - 3, -l = 4*i + 14. Suppose 2*r - 14 = -4*v, 1 = -4*v - 4*r + 21. Let a be i/6 - (-29)/v. What is the greatest common factor of a and 56?
14
Let r be (-1 - -2) + -4 - 1500/(-6). Calculate the highest common factor of r and 19.
19
Let l be (7 - 39/(-2))*(1 - -1). What is the highest common divisor of 689 and l?
53
Let q = -28 + -7. Let j be (-3660)/q - 8/14. Suppose -a + 25 = -1. Calculate the greatest common divisor of a and j.
26
Let p be (-4)/(-42) + 12400/